5 and a?
5
Suppose 2*q = 2 + 2. Suppose u - 4*g = 4*u + q, 20 = -4*g. Suppose -u - 2 = -2*c. Calculate the highest common factor of 12 and c.
4
Let a = -22 - -31. Suppose 3*b - 4*b = -63. Calculate the highest common divisor of a and b.
9
Let h be (-3)/(-9)*-62*-3. Let u be h/8 + (-2)/(-8). Calculate the greatest common factor of 20 and u.
4
Let w = 0 - -1. Let v(n) = w + 6*n + 0 + 1. Let y be v(3). Calculate the greatest common factor of 5 and y.
5
Let v = -5 + 70. Suppose z - 4*t - 21 = 0, v - 8 = 2*z - 3*t. Calculate the greatest common divisor of 11 and z.
11
Suppose -3*t + 176 = t. Calculate the highest common divisor of 110 and t.
22
Suppose 0*t + t - 20 = -4*h, -3*h + 15 = 0. Let r be -3 - (-3 - 35 - t). What is the highest common factor of r and 5?
5
Let m = -16 + 115. Suppose 5*z = 3*o + m, -z - 2*o - 8 = -33. What is the highest common factor of z and 168?
21
Let c(f) = f**2 - 13*f - 30. Let a be c(18). What is the greatest common factor of a and 12?
12
Suppose 0*d + 108 = 2*d. What is the highest common factor of 27 and d?
27
Suppose 5*k + 3*x = 90, 4*k - 5*x = -3*x + 50. What is the greatest common factor of 75 and k?
15
Let a(u) = u**3 + 10*u**2 - 11*u + 12. Let w be a(-9). Calculate the highest common divisor of 24 and w.
24
Suppose 537 + 823 = 17*b. Let u be (-9)/(-4) - (-1)/(-4). Let r be (48/(-15))/(u/(-10)). Calculate the greatest common factor of r and b.
16
Let d be ((-6)/(-2))/3 - -54. Calculate the highest common divisor of d and 11.
11
Let p(a) = -a**2 - 13*a + 20. Let n = 12 - 26. Let u be p(n). What is the highest common factor of u and 15?
3
Suppose -2*g + 392 = -3*s, 262 + 122 = 2*g - s. Suppose 5*u = g + 80. Let h be u + 0 + 2 - 0. Calculate the highest common divisor of h and 7.
7
Let u = 118 + 8. What is the greatest common divisor of 18 and u?
18
Let s = 4 - -1. Let n = s + -2. Suppose -3*h - 3*z = -138, n*h - 5*z = 5*h - 86. Calculate the greatest common factor of 6 and h.
6
Suppose 0*l = -4*t + 5*l + 41, 4*t - 35 = -l. Suppose -n = -0*n - 3. What is the greatest common factor of n and t?
3
Suppose -22 = -2*p - u + 3, -u + 36 = 3*p. Suppose -4*s - p = 2*y - 31, 2*y - 56 = 5*s. Calculate the greatest common factor of 144 and y.
18
Let c be ((-2)/3)/((-5)/45). Suppose -4*w = -u - 20, w - 2*u - 28 = -4*w. Calculate the greatest common factor of c and w.
2
Let c be (-2 + 54/15)/(3/285). What is the highest common divisor of c and 8?
8
Let h be 3/((-3)/(-5))*3. Calculate the highest common divisor of 3 and h.
3
Let v(n) = n**2 + 3*n - 10. Let t be v(-9). Let m = -27 + 49. Calculate the highest common divisor of t and m.
22
Let s(r) = -21*r + 1. Let g(h) = 21*h - 1. Let w(n) = 3*g(n) + 2*s(n). Let i be w(1). What is the greatest common factor of i and 2?
2
Suppose 3*g = -2*w + 500 - 70, -3*g + 427 = 5*w. Calculate the highest common divisor of g and 16.
16
Suppose 3*j + j - 4 = -2*f, 0 = -3*f - 2*j + 26. What is the greatest common factor of f and 12?
12
Let f be 1/(1 - (-6)/(-3)). Let p be 3/(f*3/(-48)). Calculate the highest common factor of 12 and p.
12
Let d(o) = o**2 + 5*o - 15. Let l be d(-9). What is the highest common factor of 63 and l?
21
Suppose -v - 2*n = -3*n - 10, 3*v = -n + 26. Let o(w) = 3*w - 3*w + w**2 - 7 - 6*w. Let l be o(v). Calculate the highest common divisor of l and 220.
20
Suppose 13 - 41 = -4*f. Suppose 0 = 3*x - f - 26. What is the highest common divisor of 44 and x?
11
Let p be (-135)/(-15)*(0 - -1). What is the highest common divisor of p and 9?
9
Suppose 0 = -2*j + 19 + 7. What is the greatest common divisor of 130 and j?
13
Suppose -4*r + 2*r + 38 = 0. Let k = 247 - 95. What is the greatest common divisor of r and k?
19
Let r(d) = 42 + 5*d + d - 36 - d**2. Let b be r(5). Calculate the greatest common divisor of 33 and b.
11
Suppose -h + 88 = 3*h. What is the greatest common factor of 22 and h?
22
Suppose -4*j = -5*s - 245, -3*s = -j + 76 - 13. Calculate the highest common divisor of 40 and j.
20
Suppose 3*o + 8 = 7*o. Suppose -2*j - 3*l - 19 = 0, o*j + 37 = l + 2*l. Let i = j + 20. What is the highest common factor of 30 and i?
6
Let b = 16 + -4. Let j = -5 + b. Suppose -2*u = 24 - 136. What is the greatest common factor of j and u?
7
Suppose i - 19 = -2*u, 3*u - 2*i = -3*i + 29. Calculate the greatest common divisor of 110 and u.
10
Suppose 0 = 3*y - 5*o + 3 - 1, -3*o = -4*y + 12. Calculate the highest common factor of 54 and y.
6
Let u be -1 - ((2 - 3) + 1). Let d = 0 - u. Let w be d + -9*3/(-3). Calculate the greatest common divisor of 110 and w.
10
Suppose -3*g + c + 743 = 0, -4*c = -4*g - g + 1236. What is the greatest common divisor of 31 and g?
31
Let n = -10 + 16. Let r = 3 + -9. Let q be 466/n + r/9. Calculate the greatest common divisor of q and 11.
11
Suppose 3*d = 4*d - 9. Let m(q) be the second derivative of 9*q**3/2 - q. Let z be m(1). What is the greatest common divisor of d and z?
9
Let x = -1 - -3. Let u be 90 + 0/(x/(-1)). Let c be 6/(-3)*(-6 - -1). Calculate the greatest common divisor of u and c.
10
Suppose -21 + 1 = -t. Calculate the greatest common factor of 8 and t.
4
Let n(t) = t**2 - t. Let h be n(3). Let b = 47 - -19. What is the highest common factor of b and h?
6
Suppose -4*a - 5*j + 28 = 0, a + 3*a - 2*j = 0. Let d(f) = 1 - 1 + 2 + 14*f. Let n be d(a). Calculate the greatest common divisor of n and 20.
10
Let c = 63 + -39. What is the highest common divisor of 6 and c?
6
Let v(b) = 2*b**2 + 8*b - 2. Let z(l) = l - 1. Let i(d) = v(d) - 4*z(d). Let o be i(-3). Calculate the highest common divisor of o and 8.
8
Let y = 19 - 14. Suppose y = v - 2. What is the greatest common divisor of 7 and v?
7
Suppose 52 = 4*p - 4*u, 3*u + 29 = 2*p + 2*u. Suppose o + 3 = -2*m + 17, o = 4*m - p. Calculate the greatest common factor of o and 10.
2
Let h be (-2)/10 + (-402)/(-10). Suppose 0*p + h = 2*p. What is the highest common factor of 8 and p?
4
Suppose 3*i - 6*i + 57 = 0. What is the highest common divisor of 152 and i?
19
Let h = -11 + 67. Let t be (3/(-2))/((-6)/h). What is the greatest common divisor of 14 and t?
14
Let j(w) = w**2 - 9*w + 16. Let u be j(9). Calculate the highest common factor of u and 80.
16
Let j(w) = 0*w**2 + 2*w + 4*w**2 + 1 + 0. Let r be j(2). Suppose -5*x - 33 = -4*t + 43, t - 4*x - 30 = 0. Calculate the greatest common divisor of t and r.
7
Let h be (46/4 + 1)*2. Calculate the highest common factor of h and 5.
5
Let u(j) = -2*j**3 - 4*j**2 - 3*j - 2. Let v be u(-2). Suppose 20 = v*h, -4*z - 7 = -3*h - 60. Calculate the greatest common divisor of 136 and z.
17
Let p be 0 + 0 - (1 - 2). Suppose 2*d = 12 - 0. Let b be (2 - -1)*16/d. What is the greatest common factor of p and b?
1
Let p(u) = u**2 + 9*u. Suppose 0 = -5*o - 8 - 47. Let y be p(o). Let b be 0 + (55/(-1))/(-1). What is the greatest common divisor of y and b?
11
Suppose 3*u + 3*g = g - 11, -g = 1. Let a(r) = -r**3 + 2*r**2 + r - 2. Let x be a(u). Calculate the greatest common divisor of 5 and x.
5
Suppose 4*f = -2*r + 4, 0*f = -3*f - 3*r + 3. What is the greatest common factor of f and 17?
1
Suppose 0 = -4*z - z + 160. Suppose z = 5*p - 13. Calculate the greatest common divisor of 9 and p.
9
Let o(y) = y**2 + 3*y + 2. Let x be o(-3). Suppose 8 = w - 2*z, 0 = x*w - 3*z + 4*z - 1. What is the greatest common factor of 18 and w?
2
Let o(y) = -y**3 - 5*y**2 - y - 5. Let c be o(-5). Let n = c + 7. Calculate the highest common factor of n and 21.
7
Let z be (5/1)/(16/128). Calculate the greatest common divisor of z and 8.
8
Suppose -96 - 92 = -4*k. Suppose 5*m - k - 28 = 0. Calculate the greatest common factor of m and 120.
15
Suppose 0 = -3*x + 8*x - 2530. Calculate the greatest common divisor of x and 46.
46
Let f(y) = -y**3 - 2*y - 1. Let r be f(-1). Suppose -5*q = -5*j - 110, 5*j = q - r*q + 16. What is the highest common divisor of q and 147?
21
Let i = -10 + 28. Calculate the highest common factor of 27 and i.
9
Let i(f) = f**3 + 7*f**2 + 6*f + 9. Let h be i(-6). Calculate the highest common divisor of h and 6.
3
Let p(k) = 2*k + 8. Let l be p(0). What is the highest common divisor of l and 56?
8
Suppose 9*v = 4*v. Suppose -5*d - 5*y + 255 = v, -2*d - 6*y + 99 = -3*y. What is the greatest common divisor of 6 and d?
6
Let h(l) = 3*l**2 - l. Suppose 5*u = z - 13, -4*z + 5*u - 3*u + 16 